 p - 53. Let u be r*((-28)/(-6))/(-7). What is the highest common divisor of 30 and u?
6
Suppose 0 = -29*z + 28*z + 135. Suppose 5*p + 3*y = z, 2*y - 106 = -p - 3*p. Calculate the highest common divisor of p and 72.
24
Let d(r) = 16*r**2 - 11*r + 170. Let x be d(6). What is the greatest common factor of 16 and x?
8
Let m(h) = 102*h - 1608. Let y be m(16). Calculate the greatest common factor of y and 7944.
24
Let l(x) = x**2 - 30*x + 91. Let n be l(28). Suppose n*c - 52*c = -1530. Let r be 3 + -1 - (-31 - -3). What is the greatest common divisor of r and c?
30
Let a(h) = h**3 + 17*h**2 + 19*h + 49. Let i be (-166)/12 + (332/24 - 14). Let d be a(i). Calculate the highest common factor of 159 and d.
53
Let j be (-1)/(-2) - 1 - (-14558)/1004. What is the highest common divisor of j and 182?
14
Let d(f) = -f**2 - 7*f - 1. Let p be d(-5). Let i = -174 - -181. Let q be -57*1*(-21)/i. What is the highest common factor of q and p?
9
Let u = 1667 - -3253. What is the highest common divisor of u and 48?
24
Suppose -3*y - 108 = -6*y - u, 0 = 2*y - 2*u - 80. Let n be (-1)/(2/(-6) - 3640/(-10830)). Let p = -102 - n. What is the greatest common divisor of p and y?
37
Let h = -508 - -560. Suppose h*a = 50*a + 20. Calculate the greatest common factor of 170 and a.
10
Suppose u = t + 181, -4*u = 5*t - 910 + 195. Suppose 0 = 5*q - 7*y + 4*y - 25, -4*q = -5*y - 20. What is the highest common divisor of u and q?
5
Let r = -2 + 14. Let j(l) = -108*l - 141. Let k be j(2). Let v = k - -405. What is the highest common divisor of v and r?
12
Suppose 95*p - 603 = 1677. Calculate the greatest common factor of 192 and p.
24
Let r = 23057 + -22847. Let h = 116 - 76. Calculate the greatest common divisor of r and h.
10
Let h(c) = 40*c**2 + 11*c - 68. Let w be h(4). Calculate the greatest common factor of 280 and w.
56
Suppose -202*s + 33296 + 4054 = -36*s. Suppose 5*w = -5*d + 85, -2*w + 0*d + d + 28 = 0. What is the highest common factor of s and w?
15
Let b(p) = p**3 - 2*p**2 - 4*p - 2. Let k = -23 + 28. Let z be b(k). Suppose -4*g + z = 21. What is the highest common factor of 56 and g?
8
Suppose -400*z = -397*z - 69. Suppose 3*w = -w. Suppose -2*j + w*j + 368 = 0. What is the highest common divisor of j and z?
23
Let l be -11*(-4)/4 + -1. Suppose f = -a - 1 - 1, -4*a = 5*f + l. Suppose a = j - 5 - 18. What is the greatest common factor of j and 253?
23
Suppose 0 = 5*x + 3*o - 345, 0 = 2*x + 12*o - 8*o - 152. Suppose -x + 39 = -f. What is the greatest common factor of f and 297?
27
Let y be (-1792)/(-60) - (-22)/165. Suppose -6*u = -u - 825. Calculate the greatest common factor of y and u.
15
Suppose 3*t - 695 = -3*c + 4*t, 4*c = 2*t + 928. Let h(q) = q**3 - 19*q**2 + 16*q + 39. Let l be h(18). Calculate the greatest common divisor of l and c.
3
Let x = 118 + -66. Let u = x + -40. Calculate the greatest common divisor of u and 84.
12
Let i be ((-108)/(-60))/(18/330). What is the greatest common divisor of i and 913?
11
Let r(h) = -h**3 + 8*h**2 - 8*h + 17. Let m be r(7). Let k be 1 + -2 + 16/8 + m. Calculate the highest common divisor of k and 44.
11
Let q(i) = 148*i + 19*i**2 + i**3 - 30 - 74*i - 76*i. Let x be q(-19). What is the highest common factor of 200 and x?
8
Suppose 2*q - 32*a = -34*a + 26, -2*q + 5*a = -61. Suppose -4*l = 15*x - q*x - 1365, -l - 2*x + 344 = 0. Calculate the highest common divisor of 38 and l.
38
Let h be (8/(-10))/(2/(-10)). Let s(b) = 20*b**2 + 2*b - 1. Let i be s(-2). Let w be i/15 - (2 + -3). What is the greatest common factor of h and w?
2
Suppose 5*v = -6*u + u + 35, u - 2*v - 16 = 0. Calculate the highest common divisor of 71 and u.
1
Let g(m) = 70*m - 173. Let a be (-1)/(-2 + (-27)/(-12))*-2. Let b be g(a). Calculate the highest common divisor of b and 9.
9
Suppose -2 = -2*g - 2*a, 3*g - 2*a + 7*a + 3 = 0. Let j = 37 - g. Let r = 35 + -13. Calculate the highest common divisor of r and j.
11
Suppose 22748 = 2*l + 3*u, -3*l + 2*l + 2*u + 11381 = 0. What is the highest common factor of 31 and l?
31
Suppose 4*i - 83 - 141 = 0. Let t be (-4)/(-26) - 7/((-182)/152). Let o be 17 + t*(-4)/8. Calculate the highest common factor of i and o.
14
Let i(f) = 27*f - 233. Let w be i(9). Suppose -166 + w = -2*j. What is the greatest common factor of 12 and j?
6
Suppose -43*t = -1267 + 751. Let m be 24/8 - -3*27. Calculate the greatest common factor of t and m.
12
Let l be (-14108)/(-14) + 1632/(-119) + 14. What is the greatest common divisor of 80 and l?
16
Suppose -3*t = 5*j - 3579, -7*t + 2145 = 3*j - 6*t. What is the greatest common factor of 102 and j?
102
Let i = 32 + -50. Let c be (-12)/i*-3 + 527. Calculate the greatest common factor of c and 21.
21
Let v be 6/9 + 12/9. Let q be 3/6 + (-6)/(-4). Suppose 157 - 47 = 4*i + q*t, -4*i = t - 107. What is the greatest common divisor of i and v?
2
Let f = 317 + -87. Suppose -5*q - m = -235, -5*q + f = -0*q + 2*m. Let r = 67045 - 67033. Calculate the greatest common divisor of q and r.
12
Let u be 3*7*(-162)/(-6). Let y be 6/14 - 1/((-49)/u). Calculate the greatest common divisor of y and 9.
3
Suppose 0 = 559*z - 566*z + 161. Let j(d) = d**2 - d - 1. Let s be j(3). Let n be z - s/(-6 + 1). What is the highest common divisor of 12 and n?
12
Suppose -23*n + 70*n = -136*n + 2379. Calculate the highest common divisor of n and 6071.
13
Let w = 309 + -369. Let a = w + 73. Let d be 26*22/(-4)*-1. What is the highest common factor of d and a?
13
Suppose 38 - 29 = 7*g - 96. What is the highest common factor of g and 85305?
15
Suppose 3*s = 89 + 289. Suppose -1305*f + 1304*f + 46 = -4*b, 129 = 3*f - 3*b. Calculate the greatest common divisor of f and s.
42
Suppose -3*g + 4*p + 47 = 0, -2*g + 3*p = 2*g - 51. Let q be 678/g*(-6)/(-4). Let w = q + 55. What is the greatest common divisor of 42 and w?
42
Suppose -6 = 11*t - 39. Suppose -z + t*z = -172. Let h = 171 + z. Calculate the highest common factor of h and 17.
17
Let x(i) = -34*i - 336. Let y be x(-10). Suppose -2*b = 2*b - s - 39, -y*s + 34 = 3*b. Let a = 2 - -4. Calculate the greatest common divisor of a and b.
2
Suppose -q - 1527 + 8016 = 2*q. What is the greatest common factor of q and 206?
103
Let b(v) = -v + 2 + v**2 - 4 + 5 - 9. Let m be b(4). Suppose 220 = m*k + 58. Calculate the highest common divisor of k and 18.
9
Let j = -88 - -92. Suppose -2 = j*m - 98. Let n be m + 0 + -3 - -3. Calculate the greatest common factor of 3 and n.
3
Let s(c) be the third derivative of -13*c**4/24 + 105*c**3/2 + 286*c**2. Let o be s(24). Calculate the greatest common divisor of 48 and o.
3
Suppose -6*s - 198 = 1356. Let c = s + 379. Suppose -5*y = -3*k - 186, 0 = 2*y + y + k - c. Calculate the greatest common divisor of y and 13.
13
Let m = -3 - 216. Let g = m - -427. What is the highest common divisor of 156 and g?
52
Let d = -99 + 162. Let p be 3390/((-330)/(-11)) - 14. Calculate the highest common factor of d and p.
9
Suppose -13*g - 25*g = -347700. What is the highest common divisor of 150 and g?
150
Let z be 45/105 - (-74)/7. Let k be 256/32 + (0 + 1)*3. What is the highest common factor of z and k?
11
Let r be 5060/418 - (-4)/(-38). Suppose -4*t + 5*h - 99 = 0, 0 = 3*t - 2*t - 4*h + 33. Let y = -9 - t. Calculate the greatest common factor of r and y.
12
Let z(t) = t**2 - 4. Suppose -8*v + 4*v = 360. Let o = v - -95. Let s be z(o). What is the greatest common factor of 14 and s?
7
Let k = 489 + -909. Let y = -382 - k. Calculate the greatest common divisor of y and 741.
19
Let w(q) = -5*q - 31. Let m be w(-5). Let l be m + 41 + -5 + 3. Calculate the highest common divisor of l and 132.
33
Let h(b) = 4*b**2 - 125*b - 537. Let s be h(-4). Calculate the greatest common factor of 297 and s.
27
Suppose -f - 2*v = 6 - 115, -5*f + v + 523 = 0. Suppose 0 = -59*l + 56*l + 105. What is the greatest common factor of f and l?
35
Let r be 770/308*368/20. Calculate the highest common divisor of r and 21252.
46
Let b be (5499/329)/((-9)/(-7098)). What is the greatest common divisor of b and 78?
78
Suppose 3*s - 337*v + 338*v = 898, -4 = -4*v. What is the highest common factor of s and 1081?
23
Let w(x) = 147 - 6*x + 2*x**2 - x**2 - 161 + 0*x. Let t be w(-3). Calculate the highest common divisor of t and 325.
13
Let z(c) = c**2 + 2*c - 16. Let r be z(3). Let j be 6 + -9 - -53 